e the remainder when 5095 is divided by 392.
391
Calculate the remainder when 1991260 is divided by 294.
292
Calculate the remainder when 4979 is divided by 22.
7
Calculate the remainder when 36439 is divided by 18185.
69
What is the remainder when 3974 is divided by 584?
470
Calculate the remainder when 80284 is divided by 188.
8
What is the remainder when 346 is divided by 175?
171
Calculate the remainder when 363 is divided by 266.
97
What is the remainder when 38261 is divided by 245?
41
What is the remainder when 10414 is divided by 1036?
54
What is the remainder when 3885 is divided by 173?
79
Calculate the remainder when 14846 is divided by 4801.
443
Calculate the remainder when 35881 is divided by 11958.
7
What is the remainder when 677686 is divided by 338837?
12
Calculate the remainder when 747 is divided by 405.
342
What is the remainder when 446693 is divided by 724?
709
Calculate the remainder when 277 is divided by 241.
36
Calculate the remainder when 1324 is divided by 1313.
11
What is the remainder when 44099 is divided by 49?
48
Calculate the remainder when 64379 is divided by 21457.
8
Calculate the remainder when 14903 is divided by 16.
7
Calculate the remainder when 102793 is divided by 117.
67
Calculate the remainder when 27618 is divided by 297.
294
What is the remainder when 301093 is divided by 150539?
15
What is the remainder when 652068 is divided by 81?
18
Calculate the remainder when 8191 is divided by 1631.
36
Calculate the remainder when 5733 is divided by 97.
10
What is the remainder when 19656 is divided by 6520?
96
What is the remainder when 39101 is divided by 850?
1
What is the remainder when 93134 is divided by 18?
2
What is the remainder when 74720 is divided by 74720?
0
Calculate the remainder when 209565 is divided by 1650.
15
What is the remainder when 61906 is divided by 2?
0
What is the remainder when 21321 is divided by 164?
1
What is the remainder when 19992 is divided by 19882?
110
What is the remainder when 212667 is divided by 18?
15
What is the remainder when 324283 is divided by 2725?
8
What is the remainder when 212251 is divided by 519?
499
What is the remainder when 40596 is divided by 106?
104
Calculate the remainder when 25310 is divided by 11.
10
What is the remainder when 79160 is divided by 79137?
23
What is the remainder when 21333 is divided by 21322?
11
What is the remainder when 55254 is divided by 62?
12
Calculate the remainder when 8987 is divided by 322.
293
What is the remainder when 9129403 is divided by 57?
55
What is the remainder when 47342 is divided by 111?
56
Calculate the remainder when 18656 is divided by 3091.
110
What is the remainder when 174281 is divided by 29?
20
Calculate the remainder when 337832 is divided by 56304.
8
Calculate the remainder when 70860 is divided by 69.
66
What is the remainder when 883 is divided by 242?
157
Calculate the remainder when 49542 is divided by 991.
983
Calculate the remainder when 28422 is divided by 8.
6
Calculate the remainder when 26381 is divided by 272.
269
Calculate the remainder when 53609 is divided by 33.
17
What is the remainder when 42763 is divided by 2037?
2023
Calculate the remainder when 318741 is divided by 24.
21
Calculate the remainder when 14032 is divided by 2004.
4
Calculate the remainder when 1802 is divided by 636.
530
What is the remainder when 3327 is divided by 28?
23
Calculate the remainder when 1813869 is divided by 212.
209
What is the remainder when 2426 is divided by 30?
26
Calculate the remainder when 9891 is divided by 2361.
447
Calculate the remainder when 18154 is divided by 495.
334
What is the remainder when 188936 is divided by 904?
0
Calculate the remainder when 438566 is divided by 33735.
11
What is the remainder when 65687 is divided by 821?
7
What is the remainder when 1926 is divided by 586?
168
Calculate the remainder when 1641726 is divided by 93.
90
Calculate the remainder when 2928387 is divided by 1556.
1551
Calculate the remainder when 38486 is divided by 916.
14
Calculate the remainder when 3242 is divided by 1059.
65
What is the remainder when 41599 is divided by 20773?
53
What is the remainder when 28115 is divided by 426?
425
Calculate the remainder when 360904 is divided by 14436.
4
What is the remainder when 498198 is divided by 770?
8
What is the remainder when 31629 is divided by 961?
877
Calculate the remainder when 45563 is divided by 15164.
71
Calculate the remainder when 11157 is divided by 138.
117
What is the remainder when 1047 is divided by 245?
67
What is the remainder when 7611 is divided by 16?
11
What is the remainder when 34189 is divided by 1005?
19
What is the remainder when 21083 is divided by 13?
10
What is the remainder when 218209 is divided by 10?
9
Calculate the remainder when 2666 is divided by 138.
44
What is the remainder when 106026 is divided by 26?
24
What is the remainder when 49364 is divided by 37?
6
Calculate the remainder when 171692 is divided by 1352.
1340
What is the remainder when 1147275 is divided by 12?
3
Calculate the remainder when 14790 is divided by 96.
6
Calculate the remainder when 733 is divided by 335.
63
What is the remainder when 25360 is divided by 1582?
48
Calculate the remainder when 1433 is divided by 1234.
199
What is the remainder when 4295 is divided by 709?
41
What is the remainder when 460007 is divided by 157?
154
What is the remainder when 70614 is divided by 70603?
11
Calculate the remainder when 1902 is divided by 17.
15
What is the remainder when 10540 is divided by 130?
10
Calculate the remainder when 13655 is divided by 380.
355
What is the remainder when 156346 is divided by 106?
102
Calculate the remainder when 167161 is divided by 6.
1
What is the remainder when 4805 is divided by 277?
96
Calculate the remainder when 11632 is divided by 3792.
256
Calculate the remainder when 3604 is divided by 71.
54
What is the remainder when 2296 is divided by 70?
56
What is the remainder when 582112 is divided by 61?
50
What is the remainder when 1059 is divided by 502?
55
Calculate the remainder when 9434 is divided by 51.
50
Calculate the remainder when 12438 is divided by 1234.
98
Calculate the remainder when 10074 is divided by 908.
86
What is the remainder when 103642 is divided by 51779?
84
Calculate the remainder when 10193 is divided by 1272.
17
Calculate the remainder when 21325 is divided by 7108.
1
Calculate the remainder when 57696 is divided by 28844.
8
Calculate the remainder when 45763 is divided by 95.
68
Calculate the remainder when 2172477 is divided by 496.
493
What is the remainder when 2709 is divided by 679?
672
Calculate the remainder when 1975 is divided by 393.
10
What is the remainder when 1451924 is divided by 717?
716
Calculate the remainder when 23956 is divided by 20.
16
Calculate the remainder when 234445 is divided by 2695.
2675
Calculate the remainder when 22506 is divided by 979.
968
Calculate the remainder when 26405 is divided by 6601.
1
What is the remainder when 9006 is divided by 391?
13
What is the remainder when 14911 is divided by 429?
325
Calculate the remainder when 90417 is divided by 30123.
48
What is the remainder when 1956 is divided by 328?
316
What is the remainder when 20521 is divided by 16?
9
What is the remainder when 1456954 is divided by 10?
4
Calculate the remainder when 51855 is divided by 10370.
5
What is the remainder when 271022 is divided by 567?
563
Calculate the remainder when 9071 is divided by 258.
41
Calculate the remainder when 15394 is divided by 12.
10
Calculate the remainder when 40066 is divided by 4999.
74
What is the remainder when 690 is divided by 229?
3
Calculate the remainder when 2278 is divided by 539.
122
What is the remainder when 2024 is divided by 998?
28
Calculate the remainder when 54231 is divided by 32.
23
What is the remainder when 3440 is divided by 292?
228
Calculate the remainder when 7235 is divided by 56.
11
Calculate the remainder when 12071 is divided by 23.
19
What is the remainder when 111 is divided by 70?
41
What is the remainder when 6343 is divided by 948?
655
Calculate the remainder when 549878 is divided by 1303.
12
Calculate the remainder when 1971 is divided by 270.
81
What is the remainder when 231 is divided by 1